{"id":815,"date":"2024-03-28T17:34:51","date_gmt":"2024-03-28T16:34:51","guid":{"rendered":"https:\/\/kakimakiti.com\/index.php\/product\/sac-a-pain\/"},"modified":"2024-03-28T23:01:39","modified_gmt":"2024-03-28T22:01:39","slug":"sac-a-pain","status":"publish","type":"product","link":"https:\/\/kakimakiti.com\/index.php\/product\/sac-a-pain\/","title":{"rendered":"sac \u00e0 pain"},"content":{"rendered":"<p>demandez \u00e0 votre boulanger de glisser votre pain dedans , ce jolie sac est indispensable dans votre vie quotidienne avec z\u00e9ro d\u00e9chet.<\/p>\n","protected":false},"excerpt":{"rendered":"<p>demandez \u00e0 votre boulanger de glisser votre pain dedans , ce jolie sac est indispensable dans votre vie quotidienne avec z\u00e9ro d\u00e9chet.<\/p>\n","protected":false},"featured_media":840,"comment_status":"open","ping_status":"closed","template":"","meta":{"om_disable_all_campaigns":false,"_monsterinsights_skip_tracking":false,"_monsterinsights_sitenote_active":false,"_monsterinsights_sitenote_note":"","_monsterinsights_sitenote_category":0},"product_brand":[],"product_cat":[84,87,88,82,133],"product_tag":[],"class_list":{"0":"post-815","1":"product","2":"type-product","3":"status-publish","4":"has-post-thumbnail","6":"product_cat-accessoires","7":"product_cat-artisanat-traditionnel","8":"product_cat-partenaires","9":"product_cat-sacs","10":"product_cat-simply-african","11":"dc_vendor_shop-simplyafrican","13":"first","14":"instock","15":"taxable","16":"shipping-taxable","17":"purchasable","18":"product-type-simple"},"aioseo_notices":[],"jetpack_sharing_enabled":true,"_links":{"self":[{"href":"https:\/\/kakimakiti.com\/index.php\/wp-json\/wp\/v2\/product\/815","targetHints":{"allow":["GET"]}}],"collection":[{"href":"https:\/\/kakimakiti.com\/index.php\/wp-json\/wp\/v2\/product"}],"about":[{"href":"https:\/\/kakimakiti.com\/index.php\/wp-json\/wp\/v2\/types\/product"}],"replies":[{"embeddable":true,"href":"https:\/\/kakimakiti.com\/index.php\/wp-json\/wp\/v2\/comments?post=815"}],"wp:featuredmedia":[{"embeddable":true,"href":"https:\/\/kakimakiti.com\/index.php\/wp-json\/wp\/v2\/media\/840"}],"wp:attachment":[{"href":"https:\/\/kakimakiti.com\/index.php\/wp-json\/wp\/v2\/media?parent=815"}],"wp:term":[{"taxonomy":"product_brand","embeddable":true,"href":"https:\/\/kakimakiti.com\/index.php\/wp-json\/wp\/v2\/product_brand?post=815"},{"taxonomy":"product_cat","embeddable":true,"href":"https:\/\/kakimakiti.com\/index.php\/wp-json\/wp\/v2\/product_cat?post=815"},{"taxonomy":"product_tag","embeddable":true,"href":"https:\/\/kakimakiti.com\/index.php\/wp-json\/wp\/v2\/product_tag?post=815"}],"curies":[{"name":"wp","href":"https:\/\/api.w.org\/{rel}","templated":true}]}}