{"id":689,"date":"2024-03-18T21:30:23","date_gmt":"2024-03-18T20:30:23","guid":{"rendered":"https:\/\/kakimakiti.com\/?post_type=product&#038;p=689"},"modified":"2024-03-24T00:43:01","modified_gmt":"2024-03-23T23:43:01","slug":"safran-250g","status":"publish","type":"product","link":"https:\/\/kakimakiti.com\/index.php\/product\/safran-250g\/","title":{"rendered":"Safran 250g"},"content":{"rendered":"<p>D\u00e9couvrez le luxe de notre safran de qualit\u00e9 sup\u00e9rieure, ajoutant une couleur dor\u00e9e et une saveur exquise \u00e0 vos plats les plus raffin\u00e9s. (250g)<\/p>\n","protected":false},"excerpt":{"rendered":"<p>D\u00e9couvrez le luxe de notre safran de qualit\u00e9 sup\u00e9rieure, ajoutant une couleur dor\u00e9e et une saveur exquise \u00e0 vos plats les plus raffin\u00e9s. (250g)<\/p>\n","protected":false},"featured_media":690,"comment_status":"open","ping_status":"closed","template":"","meta":{"om_disable_all_campaigns":false,"_monsterinsights_skip_tracking":false,"_monsterinsights_sitenote_active":false,"_monsterinsights_sitenote_note":"","_monsterinsights_sitenote_category":0},"product_brand":[],"product_cat":[83,88],"product_tag":[],"class_list":{"0":"post-689","1":"product","2":"type-product","3":"status-publish","4":"has-post-thumbnail","6":"product_cat-aliments-herbes-et-epices","7":"product_cat-partenaires","8":"product_shipping_class-chezasmae-18","9":"dc_vendor_shop-chezasmae","11":"first","12":"instock","13":"taxable","14":"shipping-taxable","15":"purchasable","16":"product-type-simple"},"aioseo_notices":[],"jetpack_sharing_enabled":true,"_links":{"self":[{"href":"https:\/\/kakimakiti.com\/index.php\/wp-json\/wp\/v2\/product\/689","targetHints":{"allow":["GET"]}}],"collection":[{"href":"https:\/\/kakimakiti.com\/index.php\/wp-json\/wp\/v2\/product"}],"about":[{"href":"https:\/\/kakimakiti.com\/index.php\/wp-json\/wp\/v2\/types\/product"}],"replies":[{"embeddable":true,"href":"https:\/\/kakimakiti.com\/index.php\/wp-json\/wp\/v2\/comments?post=689"}],"wp:featuredmedia":[{"embeddable":true,"href":"https:\/\/kakimakiti.com\/index.php\/wp-json\/wp\/v2\/media\/690"}],"wp:attachment":[{"href":"https:\/\/kakimakiti.com\/index.php\/wp-json\/wp\/v2\/media?parent=689"}],"wp:term":[{"taxonomy":"product_brand","embeddable":true,"href":"https:\/\/kakimakiti.com\/index.php\/wp-json\/wp\/v2\/product_brand?post=689"},{"taxonomy":"product_cat","embeddable":true,"href":"https:\/\/kakimakiti.com\/index.php\/wp-json\/wp\/v2\/product_cat?post=689"},{"taxonomy":"product_tag","embeddable":true,"href":"https:\/\/kakimakiti.com\/index.php\/wp-json\/wp\/v2\/product_tag?post=689"}],"curies":[{"name":"wp","href":"https:\/\/api.w.org\/{rel}","templated":true}]}}