{"id":684,"date":"2024-03-20T16:04:19","date_gmt":"2024-03-20T15:04:19","guid":{"rendered":"https:\/\/kakimakiti.com\/?post_type=product&#038;p=684"},"modified":"2024-04-27T16:19:52","modified_gmt":"2024-04-27T14:19:52","slug":"feuilles-de-laurier-sechees-1kg","status":"publish","type":"product","link":"https:\/\/kakimakiti.com\/index.php\/product\/feuilles-de-laurier-sechees-1kg\/","title":{"rendered":"Feuilles de Laurier s\u00e9ch\u00e9es 3Kg"},"content":{"rendered":"<p>Ajoutez de la saveur \u00e0 vos plats avec nos feuilles de laurier s\u00e9ch\u00e9es, parfaites pour les soupes, les rago\u00fbts et les marinades. (3kg)<\/p>\n","protected":false},"excerpt":{"rendered":"<p>Ajoutez de la saveur \u00e0 vos plats avec nos feuilles de laurier s\u00e9ch\u00e9es, parfaites pour les soupes, les rago\u00fbts et les marinades. (3kg)<\/p>\n","protected":false},"featured_media":620,"comment_status":"open","ping_status":"closed","template":"","meta":{"om_disable_all_campaigns":false,"_monsterinsights_skip_tracking":false,"_monsterinsights_sitenote_active":false,"_monsterinsights_sitenote_note":"","_monsterinsights_sitenote_category":0},"product_brand":[],"product_cat":[83,88],"product_tag":[],"class_list":{"0":"post-684","1":"product","2":"type-product","3":"status-publish","4":"has-post-thumbnail","6":"product_cat-aliments-herbes-et-epices","7":"product_cat-partenaires","8":"product_shipping_class-chezasmae-18","9":"dc_vendor_shop-chezasmae","11":"first","12":"instock","13":"taxable","14":"shipping-taxable","15":"purchasable","16":"product-type-simple"},"aioseo_notices":[],"jetpack_sharing_enabled":true,"_links":{"self":[{"href":"https:\/\/kakimakiti.com\/index.php\/wp-json\/wp\/v2\/product\/684","targetHints":{"allow":["GET"]}}],"collection":[{"href":"https:\/\/kakimakiti.com\/index.php\/wp-json\/wp\/v2\/product"}],"about":[{"href":"https:\/\/kakimakiti.com\/index.php\/wp-json\/wp\/v2\/types\/product"}],"replies":[{"embeddable":true,"href":"https:\/\/kakimakiti.com\/index.php\/wp-json\/wp\/v2\/comments?post=684"}],"wp:featuredmedia":[{"embeddable":true,"href":"https:\/\/kakimakiti.com\/index.php\/wp-json\/wp\/v2\/media\/620"}],"wp:attachment":[{"href":"https:\/\/kakimakiti.com\/index.php\/wp-json\/wp\/v2\/media?parent=684"}],"wp:term":[{"taxonomy":"product_brand","embeddable":true,"href":"https:\/\/kakimakiti.com\/index.php\/wp-json\/wp\/v2\/product_brand?post=684"},{"taxonomy":"product_cat","embeddable":true,"href":"https:\/\/kakimakiti.com\/index.php\/wp-json\/wp\/v2\/product_cat?post=684"},{"taxonomy":"product_tag","embeddable":true,"href":"https:\/\/kakimakiti.com\/index.php\/wp-json\/wp\/v2\/product_tag?post=684"}],"curies":[{"name":"wp","href":"https:\/\/api.w.org\/{rel}","templated":true}]}}