{"id":2344,"date":"2025-03-25T16:43:54","date_gmt":"2025-03-25T15:43:54","guid":{"rendered":"https:\/\/kakimakiti.com\/index.php\/product\/snapback-kaki-black\/"},"modified":"2025-03-25T16:46:21","modified_gmt":"2025-03-25T15:46:21","slug":"snapback-kaki-black","status":"publish","type":"product","link":"https:\/\/kakimakiti.com\/index.php\/product\/snapback-kaki-black\/","title":{"rendered":"Snapback Kaki Black"},"content":{"rendered":"<p>Cette casquette est structur\u00e9e avec une coupe classique, un bord plat et en bougran. Le serrage r\u00e9glable \u00e0 pression en fait une casquette confortable.  <\/p>\n<p>\u2022 80 % acrylique, 20 % laine (la casquette vert camouflage : 60 % coton et 40 % polyester)<br \/>\n\u2022 Structur\u00e9e, 6 panneaux, haut profil<br \/>\n\u2022 Serrage \u00e0 pression en plastique<br \/>\n\u2022 Vert sous la visi\u00e8re<br \/>\n\u2022 Circonf\u00e9rence de la t\u00eate : 54,9 \u00e0 60 cm<\/p>\n<p>\u2022 Tra\u00e7abilit\u00e9\u00a0: <br \/>\n&#8211; Teinture\u00a0: Vietnam <br \/>\n&#8211; Fabrication\u00a0: Bangladesh ou Vietnam <br \/>\n\u2022 Comprend 0\u00a0% de polyester recycl\u00e9 <br \/>\n\u2022 Comprend 0\u00a0% de substances dangereuses <br \/>\n\u2022 Cet article lib\u00e8re des microfibres en plastique dans l&rsquo;environnement pendant le lavage<\/p>\n<p>Age restrictions: Pour les adultes<br \/>\nEU Warranty: 2\u00a0ans<br \/>\nOther compliance information: R\u00e9pond aux exigences en mati\u00e8re de teneur en plomb, bisph\u00e9nols et phtalates.<\/p>\n<p>En conformit\u00e9 avec le R\u00e8glement pour la S\u00e9curit\u00e9 G\u00e9n\u00e9rale des Produits (RSGP), <b>Oak inc.<\/b> et <b>SINDEN VENTURES LIMITED<\/b>garantissent que tous les produits de consommation propos\u00e9s sont s\u00fbrs et conformes aux normes de l&rsquo;UE. Pour toutes questions ou pr\u00e9occupations concernant les mesures de s\u00e9curit\u00e9 des produits, veuillez contacter notre repr\u00e9sentant europ\u00e9en \u00e0 <b>gpsr@sindenventures.com<\/b>. Vous pouvez \u00e9galement nous \u00e9crire \u00e0 <b>123 Main Street, Anytown, Country<\/b> ou <b>Markou Evgenikou 11, Mesa Geitonia, 4002, Limassol, Cyprus.<b \/><\/p>\n","protected":false},"excerpt":{"rendered":"<p>Cette casquette est structur\u00e9e avec une coupe classique, un bord plat et en bougran. Le serrage r\u00e9glable \u00e0 pression en fait une casquette confortable. \u2022 80 % acrylique, 20 % laine (la casquette vert camouflage : 60 % coton et 40 % polyester) \u2022 Structur\u00e9e, 6 panneaux, haut profil \u2022 Serrage \u00e0 pression en plastique [&hellip;]<\/p>\n","protected":false},"featured_media":2357,"comment_status":"open","ping_status":"closed","template":"","meta":{"om_disable_all_campaigns":false,"_monsterinsights_skip_tracking":false,"_monsterinsights_sitenote_active":false,"_monsterinsights_sitenote_note":"","_monsterinsights_sitenote_category":0},"product_brand":[],"product_cat":[84,85],"product_tag":[],"class_list":{"0":"post-2344","1":"product","2":"type-product","3":"status-publish","4":"has-post-thumbnail","6":"product_cat-accessoires","7":"product_cat-kaki-store","9":"first","10":"instock","11":"taxable","12":"shipping-taxable","13":"purchasable","14":"product-type-variable"},"aioseo_notices":[],"jetpack_sharing_enabled":true,"_links":{"self":[{"href":"https:\/\/kakimakiti.com\/index.php\/wp-json\/wp\/v2\/product\/2344","targetHints":{"allow":["GET"]}}],"collection":[{"href":"https:\/\/kakimakiti.com\/index.php\/wp-json\/wp\/v2\/product"}],"about":[{"href":"https:\/\/kakimakiti.com\/index.php\/wp-json\/wp\/v2\/types\/product"}],"replies":[{"embeddable":true,"href":"https:\/\/kakimakiti.com\/index.php\/wp-json\/wp\/v2\/comments?post=2344"}],"wp:featuredmedia":[{"embeddable":true,"href":"https:\/\/kakimakiti.com\/index.php\/wp-json\/wp\/v2\/media\/2357"}],"wp:attachment":[{"href":"https:\/\/kakimakiti.com\/index.php\/wp-json\/wp\/v2\/media?parent=2344"}],"wp:term":[{"taxonomy":"product_brand","embeddable":true,"href":"https:\/\/kakimakiti.com\/index.php\/wp-json\/wp\/v2\/product_brand?post=2344"},{"taxonomy":"product_cat","embeddable":true,"href":"https:\/\/kakimakiti.com\/index.php\/wp-json\/wp\/v2\/product_cat?post=2344"},{"taxonomy":"product_tag","embeddable":true,"href":"https:\/\/kakimakiti.com\/index.php\/wp-json\/wp\/v2\/product_tag?post=2344"}],"curies":[{"name":"wp","href":"https:\/\/api.w.org\/{rel}","templated":true}]}}