{"id":1899,"date":"2024-06-27T20:17:18","date_gmt":"2024-06-27T18:17:18","guid":{"rendered":"https:\/\/kakimakiti.com\/index.php\/product\/soumbara\/"},"modified":"2024-06-27T23:16:34","modified_gmt":"2024-06-27T21:16:34","slug":"soumbara","status":"publish","type":"product","link":"https:\/\/kakimakiti.com\/index.php\/product\/soumbara\/","title":{"rendered":"Soumbara"},"content":{"rendered":"<p>Le soumbara est une \u00e9pice issu de la graine de N\u00e9r\u00e9 ferment\u00e9es et s\u00e9ch\u00e9es puis ensuite broy\u00e9es \u00e0 100 %. Elle se pr\u00e9sente sous 2 formes : en poudre et en grain.<br \/>\nCette \u00e9pice ne poss\u00e8de ni ar\u00f4me artificiel, ni agent conservateur et est un indispensable dans une cuisine saine. Elle est utilis\u00e9e pour :<br \/>\n&#8211; Relever le go\u00fbt des repas<br \/>\nFavoriser l\u2019activit\u00e9 de l&rsquo;organisme<br \/>\n&#8211; Permettre une augmentation d&rsquo;\u00e9nergie<br \/>\n&#8211; Lutter contre la fatigue<br \/>\n&#8211; Lutter contre les acn\u00e9s<\/p>\n","protected":false},"excerpt":{"rendered":"<p>Le soumbara est une \u00e9pice issu de la graine de N\u00e9r\u00e9 ferment\u00e9es et s\u00e9ch\u00e9es puis ensuite broy\u00e9es \u00e0 100 %. Elle se pr\u00e9sente sous 2 formes : en poudre et en grain. Cette \u00e9pice ne poss\u00e8de ni ar\u00f4me artificiel, ni agent conservateur et est un indispensable dans une cuisine saine. Elle est utilis\u00e9e pour : [&hellip;]<\/p>\n","protected":false},"featured_media":1936,"comment_status":"open","ping_status":"closed","template":"","meta":{"om_disable_all_campaigns":false,"_monsterinsights_skip_tracking":false,"_monsterinsights_sitenote_active":false,"_monsterinsights_sitenote_note":"","_monsterinsights_sitenote_category":0},"product_brand":[],"product_cat":[83,191],"product_tag":[],"class_list":{"0":"post-1899","1":"product","2":"type-product","3":"status-publish","4":"has-post-thumbnail","6":"product_cat-aliments-herbes-et-epices","7":"product_cat-dgs-boutique-africaine","8":"dc_vendor_shop-destinygirlshop","10":"first","11":"instock","12":"taxable","13":"shipping-taxable","14":"purchasable","15":"product-type-simple"},"aioseo_notices":[],"jetpack_sharing_enabled":true,"_links":{"self":[{"href":"https:\/\/kakimakiti.com\/index.php\/wp-json\/wp\/v2\/product\/1899","targetHints":{"allow":["GET"]}}],"collection":[{"href":"https:\/\/kakimakiti.com\/index.php\/wp-json\/wp\/v2\/product"}],"about":[{"href":"https:\/\/kakimakiti.com\/index.php\/wp-json\/wp\/v2\/types\/product"}],"replies":[{"embeddable":true,"href":"https:\/\/kakimakiti.com\/index.php\/wp-json\/wp\/v2\/comments?post=1899"}],"wp:featuredmedia":[{"embeddable":true,"href":"https:\/\/kakimakiti.com\/index.php\/wp-json\/wp\/v2\/media\/1936"}],"wp:attachment":[{"href":"https:\/\/kakimakiti.com\/index.php\/wp-json\/wp\/v2\/media?parent=1899"}],"wp:term":[{"taxonomy":"product_brand","embeddable":true,"href":"https:\/\/kakimakiti.com\/index.php\/wp-json\/wp\/v2\/product_brand?post=1899"},{"taxonomy":"product_cat","embeddable":true,"href":"https:\/\/kakimakiti.com\/index.php\/wp-json\/wp\/v2\/product_cat?post=1899"},{"taxonomy":"product_tag","embeddable":true,"href":"https:\/\/kakimakiti.com\/index.php\/wp-json\/wp\/v2\/product_tag?post=1899"}],"curies":[{"name":"wp","href":"https:\/\/api.w.org\/{rel}","templated":true}]}}