{"id":1897,"date":"2024-06-27T20:17:17","date_gmt":"2024-06-27T18:17:17","guid":{"rendered":"https:\/\/kakimakiti.com\/index.php\/product\/patte-darrachide\/"},"modified":"2024-06-27T22:58:31","modified_gmt":"2024-06-27T20:58:31","slug":"patte-darrachide","status":"publish","type":"product","link":"https:\/\/kakimakiti.com\/index.php\/product\/patte-darrachide\/","title":{"rendered":"Patte d&rsquo;arrachide"},"content":{"rendered":"<p>La p\u00e2te d&rsquo;arachide est un produit local fait \u00e0 base de cacahu\u00e8tes(arachides). La p\u00e2te est utilis\u00e9e dans la pr\u00e9paration de certains plats comme le maf\u00e9(sauce arachide), le ngalax(recette s\u00e9n\u00e9galaise, le Hamoul (recette marocaine), &#8230;<\/p>\n","protected":false},"excerpt":{"rendered":"<p>La p\u00e2te d&rsquo;arachide est un produit local fait \u00e0 base de cacahu\u00e8tes(arachides). La p\u00e2te est utilis\u00e9e dans la pr\u00e9paration de certains plats comme le maf\u00e9(sauce arachide), le ngalax(recette s\u00e9n\u00e9galaise, le Hamoul (recette marocaine), &#8230;<\/p>\n","protected":false},"featured_media":1944,"comment_status":"open","ping_status":"closed","template":"","meta":{"om_disable_all_campaigns":false,"_monsterinsights_skip_tracking":false,"_monsterinsights_sitenote_active":false,"_monsterinsights_sitenote_note":"","_monsterinsights_sitenote_category":0},"product_brand":[],"product_cat":[83,191],"product_tag":[],"class_list":{"0":"post-1897","1":"product","2":"type-product","3":"status-publish","4":"has-post-thumbnail","6":"product_cat-aliments-herbes-et-epices","7":"product_cat-dgs-boutique-africaine","8":"dc_vendor_shop-destinygirlshop","10":"first","11":"instock","12":"taxable","13":"shipping-taxable","14":"purchasable","15":"product-type-simple"},"aioseo_notices":[],"jetpack_sharing_enabled":true,"_links":{"self":[{"href":"https:\/\/kakimakiti.com\/index.php\/wp-json\/wp\/v2\/product\/1897","targetHints":{"allow":["GET"]}}],"collection":[{"href":"https:\/\/kakimakiti.com\/index.php\/wp-json\/wp\/v2\/product"}],"about":[{"href":"https:\/\/kakimakiti.com\/index.php\/wp-json\/wp\/v2\/types\/product"}],"replies":[{"embeddable":true,"href":"https:\/\/kakimakiti.com\/index.php\/wp-json\/wp\/v2\/comments?post=1897"}],"wp:featuredmedia":[{"embeddable":true,"href":"https:\/\/kakimakiti.com\/index.php\/wp-json\/wp\/v2\/media\/1944"}],"wp:attachment":[{"href":"https:\/\/kakimakiti.com\/index.php\/wp-json\/wp\/v2\/media?parent=1897"}],"wp:term":[{"taxonomy":"product_brand","embeddable":true,"href":"https:\/\/kakimakiti.com\/index.php\/wp-json\/wp\/v2\/product_brand?post=1897"},{"taxonomy":"product_cat","embeddable":true,"href":"https:\/\/kakimakiti.com\/index.php\/wp-json\/wp\/v2\/product_cat?post=1897"},{"taxonomy":"product_tag","embeddable":true,"href":"https:\/\/kakimakiti.com\/index.php\/wp-json\/wp\/v2\/product_tag?post=1897"}],"curies":[{"name":"wp","href":"https:\/\/api.w.org\/{rel}","templated":true}]}}