{"id":116,"date":"2024-02-17T21:27:27","date_gmt":"2024-02-17T20:27:27","guid":{"rendered":"https:\/\/kakimakiti.com\/index.php\/product\/gobelet-en-acier-inoxydable\/"},"modified":"2024-04-10T04:19:10","modified_gmt":"2024-04-10T02:19:10","slug":"gobelet-en-acier-inoxydable","status":"publish","type":"product","link":"https:\/\/kakimakiti.com\/index.php\/product\/gobelet-en-acier-inoxydable\/","title":{"rendered":"Gobelet en acier inoxydable"},"content":{"rendered":"<p>Profitez de boissons chaudes ou froides lors de vos d\u00e9placements avec cet \u00e9l\u00e9gant gobelet en acier inoxydable\u00a0! Ce gobelet r\u00e9utilisable avec une paille en m\u00e9tal est un combo parfait pour les boissons chaudes ou froides \u00e0 tout moment de la journ\u00e9e.<\/p>\n<p>\u2022 Gobelet en acier inoxydable de haute qualit\u00e9<br \/>\n\u2022 600\u00a0ml (20\u00a0oz)<br \/>\n\u2022 Taille du gobelet\u00a0: 7,9 x 21,4\u00a0cm (3,11 x 8,42\u00a0\u00ab\u00a0)<br \/>\n\u2022 Paille et couvercle inclus avec le gobelet<br \/>\n\u2022 Forme cylindrique (de haut en bas)<\/p>\n<p>Avertissement\u00a0: ne passe pas au lave-vaisselle ni au micro-ondes. Lavage \u00e0 la main uniquement.<\/p>\n","protected":false},"excerpt":{"rendered":"<p>Profitez de boissons chaudes ou froides lors de vos d\u00e9placements avec cet \u00e9l\u00e9gant gobelet en acier inoxydable\u00a0! Ce gobelet r\u00e9utilisable avec une paille en m\u00e9tal est un combo parfait pour les boissons chaudes ou froides \u00e0 tout moment de la journ\u00e9e. \u2022 Gobelet en acier inoxydable de haute qualit\u00e9 \u2022 600\u00a0ml (20\u00a0oz) \u2022 Taille du [&hellip;]<\/p>\n","protected":false},"featured_media":117,"comment_status":"open","ping_status":"closed","template":"","meta":{"om_disable_all_campaigns":false,"_monsterinsights_skip_tracking":false,"_monsterinsights_sitenote_active":false,"_monsterinsights_sitenote_note":"","_monsterinsights_sitenote_category":0},"product_brand":[],"product_cat":[84,85],"product_tag":[],"class_list":{"0":"post-116","1":"product","2":"type-product","3":"status-publish","4":"has-post-thumbnail","6":"product_cat-accessoires","7":"product_cat-kaki-store","9":"first","10":"instock","11":"taxable","12":"shipping-taxable","13":"purchasable","14":"product-type-simple"},"aioseo_notices":[],"jetpack_sharing_enabled":true,"_links":{"self":[{"href":"https:\/\/kakimakiti.com\/index.php\/wp-json\/wp\/v2\/product\/116","targetHints":{"allow":["GET"]}}],"collection":[{"href":"https:\/\/kakimakiti.com\/index.php\/wp-json\/wp\/v2\/product"}],"about":[{"href":"https:\/\/kakimakiti.com\/index.php\/wp-json\/wp\/v2\/types\/product"}],"replies":[{"embeddable":true,"href":"https:\/\/kakimakiti.com\/index.php\/wp-json\/wp\/v2\/comments?post=116"}],"wp:featuredmedia":[{"embeddable":true,"href":"https:\/\/kakimakiti.com\/index.php\/wp-json\/wp\/v2\/media\/117"}],"wp:attachment":[{"href":"https:\/\/kakimakiti.com\/index.php\/wp-json\/wp\/v2\/media?parent=116"}],"wp:term":[{"taxonomy":"product_brand","embeddable":true,"href":"https:\/\/kakimakiti.com\/index.php\/wp-json\/wp\/v2\/product_brand?post=116"},{"taxonomy":"product_cat","embeddable":true,"href":"https:\/\/kakimakiti.com\/index.php\/wp-json\/wp\/v2\/product_cat?post=116"},{"taxonomy":"product_tag","embeddable":true,"href":"https:\/\/kakimakiti.com\/index.php\/wp-json\/wp\/v2\/product_tag?post=116"}],"curies":[{"name":"wp","href":"https:\/\/api.w.org\/{rel}","templated":true}]}}