{"id":37,"date":"2024-02-07T02:14:59","date_gmt":"2024-02-07T01:14:59","guid":{"rendered":"https:\/\/kakimakiti.com\/index.php\/home\/"},"modified":"2025-10-30T09:25:10","modified_gmt":"2025-10-30T08:25:10","slug":"home","status":"publish","type":"page","link":"https:\/\/kakimakiti.com\/","title":{"rendered":"Home"},"content":{"rendered":"\n<figure class=\"wp-block-video aligncenter\"><video autoplay controls loop src=\"https:\/\/kakimakiti.com\/wp-content\/uploads\/2024\/08\/Makiti-promo-2-avec-Couplet.mp4\"><\/video><\/figure>\n\n\n\n<h5 class=\"wp-block-heading has-text-align-center has-luminous-vivid-amber-background-color has-background\" style=\"font-style:normal;font-weight:800\">Bienvenue sur notre boutique en ligne,&nbsp;Kaki Makiti, qui vous pr\u00e9sente toutes nos collections de produits ainsi que ceux de nos partenaires. Du vestimentaire aux accessoires, en passant par le digital, notre boutique se d\u00e9cline en deux espaces de vente :&nbsp;Kaki Store&nbsp;pour l&rsquo;achat de produits d\u00e9riv\u00e9s digitaux et physiques, (La section&nbsp;Kaki Shop&nbsp; de cette boutique vous permettra de personnaliser vous m\u00eame des articles uniques) et le&nbsp;Marketplace (Makiti)&nbsp;consacr\u00e9 \u00e0 nos partenaires. Explorez nos espaces de vente et faites vos emplettes en quelques clics.<\/h5>\n\n\n\n<div class=\"wp-block-buttons is-content-justification-center is-layout-flex wp-container-core-buttons-is-layout-16018d1d wp-block-buttons-is-layout-flex\">\n<div class=\"wp-block-button\"><a class=\"wp-block-button__link has-black-color has-luminous-vivid-amber-background-color has-text-color has-background has-link-color wp-element-button\" href=\"https:\/\/kakimakiti.com\/index.php\/makiti\/\"><strong>Visiter le Makiti<\/strong><\/a><\/div>\n<\/div>\n\n\n\n<hr class=\"wp-block-separator has-alpha-channel-opacity is-style-wide\"\/>\n\n\n\n<h2 class=\"wp-block-heading has-text-align-center has-background\" style=\"background-color:#008514\">Marketplaces Associ\u00e9s <\/h2>\n\n\n\n<hr class=\"wp-block-separator has-alpha-channel-opacity is-style-wide\"\/>\n\n\n\n<div class=\"wp-block-columns is-layout-flex wp-container-core-columns-is-layout-9d6595d7 wp-block-columns-is-layout-flex\">\n<div class=\"wp-block-column is-layout-flow wp-block-column-is-layout-flow\">\n<figure class=\"wp-block-image size-large\"><a href=\"http:\/\/kakispirits.com\/\"><img fetchpriority=\"high\" decoding=\"async\" width=\"1024\" height=\"1024\" src=\"http:\/\/kakimakiti.com\/wp-content\/uploads\/2024\/08\/Kaki-spirits-1-1-1024x1024.png\" alt=\"\" class=\"wp-image-2054\" srcset=\"https:\/\/kakimakiti.com\/wp-content\/uploads\/2024\/08\/Kaki-spirits-1-1-1024x1024.png 1024w, https:\/\/kakimakiti.com\/wp-content\/uploads\/2024\/08\/Kaki-spirits-1-1-300x300.png 300w, https:\/\/kakimakiti.com\/wp-content\/uploads\/2024\/08\/Kaki-spirits-1-1-100x100.png 100w, https:\/\/kakimakiti.com\/wp-content\/uploads\/2024\/08\/Kaki-spirits-1-1-600x600.png 600w, https:\/\/kakimakiti.com\/wp-content\/uploads\/2024\/08\/Kaki-spirits-1-1-150x150.png 150w, https:\/\/kakimakiti.com\/wp-content\/uploads\/2024\/08\/Kaki-spirits-1-1-768x768.png 768w, https:\/\/kakimakiti.com\/wp-content\/uploads\/2024\/08\/Kaki-spirits-1-1-1536x1536.png 1536w, https:\/\/kakimakiti.com\/wp-content\/uploads\/2024\/08\/Kaki-spirits-1-1-1320x1320.png 1320w, https:\/\/kakimakiti.com\/wp-content\/uploads\/2024\/08\/Kaki-spirits-1-1.png 1563w\" sizes=\"(max-width: 1024px) 100vw, 1024px\" \/><\/a><\/figure>\n\n\n\n<p class=\"has-background\" style=\"background-color:#ffefc2\"><strong>Que ce soit pour des d\u00e9corations de maison, des outils pour vos s\u00e9ances de yoga, des accessoires de m\u00e9ditation, des encens de purification, des orgonites, plantes o\u00f9 \u00e9corces et autres objets pour vos activit\u00e9s spirituelles, nos partenaires vous proposent une diversit\u00e9 de produits sur kakispirits.com, le marketplace pour tout ce qui concerne la spiritualit\u00e9, la m\u00e9ditation et le bien-\u00eatre.<\/strong><\/p>\n\n\n\n<div class=\"wp-block-buttons is-content-justification-center is-layout-flex wp-container-core-buttons-is-layout-16018d1d wp-block-buttons-is-layout-flex\">\n<div class=\"wp-block-button\"><a class=\"wp-block-button__link has-black-color has-text-color has-background has-link-color wp-element-button\" href=\"http:\/\/kakispirits.com\/\" style=\"background-color:#ffefc2\">Kaki Spirits<\/a><\/div>\n<\/div>\n<\/div>\n\n\n\n<div class=\"wp-block-column is-layout-flow wp-block-column-is-layout-flow\">\n<figure class=\"wp-block-image size-large\"><a href=\"http:\/\/lacaserouge.com\/\"><img decoding=\"async\" width=\"1024\" height=\"1024\" src=\"http:\/\/kakimakiti.com\/wp-content\/uploads\/2024\/08\/IMG-20231229-WA0001-1-1024x1024.jpg\" alt=\"\" class=\"wp-image-2057\" srcset=\"https:\/\/kakimakiti.com\/wp-content\/uploads\/2024\/08\/IMG-20231229-WA0001-1-1024x1024.jpg 1024w, https:\/\/kakimakiti.com\/wp-content\/uploads\/2024\/08\/IMG-20231229-WA0001-1-300x300.jpg 300w, https:\/\/kakimakiti.com\/wp-content\/uploads\/2024\/08\/IMG-20231229-WA0001-1-100x100.jpg 100w, https:\/\/kakimakiti.com\/wp-content\/uploads\/2024\/08\/IMG-20231229-WA0001-1-600x600.jpg 600w, https:\/\/kakimakiti.com\/wp-content\/uploads\/2024\/08\/IMG-20231229-WA0001-1-150x150.jpg 150w, https:\/\/kakimakiti.com\/wp-content\/uploads\/2024\/08\/IMG-20231229-WA0001-1-768x768.jpg 768w, https:\/\/kakimakiti.com\/wp-content\/uploads\/2024\/08\/IMG-20231229-WA0001-1-1536x1536.jpg 1536w, https:\/\/kakimakiti.com\/wp-content\/uploads\/2024\/08\/IMG-20231229-WA0001-1-1320x1320.jpg 1320w, https:\/\/kakimakiti.com\/wp-content\/uploads\/2024\/08\/IMG-20231229-WA0001-1.jpg 1563w\" sizes=\"(max-width: 1024px) 100vw, 1024px\" \/><\/a><\/figure>\n\n\n\n<p class=\"has-vivid-red-background-color has-background\"><strong>La Case Rouge est un marketplace centr\u00e9 autour de produits stimulants et aphrodisiaques. Que ce soit pour quelqu\u2019un ou pour vous m\u00eame, ne passez pas \u00e0 cot\u00e9s de nos offres. Nos partenaires vous proposerons des produits test\u00e9s \u00e0 l\u2019avance que vous et vos partenaires allez adorer.<br>Entrez dans la case et n\u2019oubliez pas que ce qui se passe dans la case rouge reste dans la case rouge!<\/strong><\/p>\n\n\n\n<div class=\"wp-block-buttons is-content-justification-center is-layout-flex wp-container-core-buttons-is-layout-16018d1d wp-block-buttons-is-layout-flex\">\n<div class=\"wp-block-button\"><a class=\"wp-block-button__link has-black-color has-vivid-red-background-color has-text-color has-background has-link-color wp-element-button\" href=\"http:\/\/lacaserouge.com\/\">La Case Rouge<\/a><\/div>\n<\/div>\n<\/div>\n<\/div>\n\n\n\n<hr class=\"wp-block-separator has-alpha-channel-opacity is-style-wide\"\/>\n\n\n\n<div class=\"wp-block-group\" style=\"padding-top:30px;padding-right:30px;padding-bottom:30px;padding-left:30px\"><div class=\"wp-block-group__inner-container is-layout-flow wp-block-group-is-layout-flow\"><ul class=\"wp-block-latest-posts__list is-grid columns-3 aligncenter wp-block-latest-posts has-background has-nv-c-1-background-color\"><li><a class=\"wp-block-latest-posts__post-title\" href=\"https:\/\/kakimakiti.com\/index.php\/2024\/02\/06\/kaki-makiti-promouvoir-lartisanat-africain-a-travers-un-marketplace\/\">Kaki Makiti: Promouvoir l&rsquo;artisanat africain \u00e0 travers un marketplace<\/a><\/li>\n<li><a class=\"wp-block-latest-posts__post-title\" href=\"https:\/\/kakimakiti.com\/index.php\/2024\/02\/06\/kaki-makiti-une-vitrine-de-lartisanat-africain\/\">Kaki Makiti &#8211; Une vitrine de l&rsquo;artisanat africain<\/a><\/li>\n<li><a class=\"wp-block-latest-posts__post-title\" href=\"https:\/\/kakimakiti.com\/index.php\/2024\/02\/06\/kaki-makiti-la-promotion-de-lartisanat-africain-a-travers-un-marketplace-unique\/\">Kaki Makiti: La promotion de l&rsquo;artisanat africain \u00e0 travers un marketplace unique<\/a><\/li>\n<li><a class=\"wp-block-latest-posts__post-title\" href=\"https:\/\/kakimakiti.com\/index.php\/2024\/02\/06\/decouvrez-kaki-makiti-le-marketplace-mettant-en-avant-lartisanat-africain\/\">D\u00e9couvrez Kaki Makiti, le marketplace mettant en avant l&rsquo;artisanat africain<\/a><\/li>\n<li><a class=\"wp-block-latest-posts__post-title\" href=\"https:\/\/kakimakiti.com\/index.php\/2024\/02\/06\/kaki-makiti-promouvoir-lartisanat-africain-avec-un-marketplace-unique\/\">Kaki Makiti: Promouvoir l&rsquo;artisanat africain avec un marketplace unique<\/a><\/li>\n<\/ul><\/div><\/div>\n\n\n\n<hr class=\"wp-block-separator has-alpha-channel-opacity is-style-wide\"\/>\n\n\n<p class=\"has-text-align-center wp-block-site-tagline\">Le marketplace panafricain<\/p>","protected":false},"excerpt":{"rendered":"<p>Bienvenue sur notre boutique en ligne,&nbsp;Kaki Makiti, qui vous pr\u00e9sente toutes nos collections de produits ainsi que ceux de nos partenaires. Du vestimentaire aux accessoires, en passant par le digital, notre boutique se d\u00e9cline en deux espaces de vente :&nbsp;Kaki Store&nbsp;pour l&rsquo;achat de produits d\u00e9riv\u00e9s digitaux et physiques, (La section&nbsp;Kaki Shop&nbsp; de cette boutique vous [&hellip;]<\/p>\n","protected":false},"author":1,"featured_media":0,"parent":0,"menu_order":0,"comment_status":"closed","ping_status":"closed","template":"","meta":{"om_disable_all_campaigns":false,"_monsterinsights_skip_tracking":false,"_monsterinsights_sitenote_active":false,"_monsterinsights_sitenote_note":"","_monsterinsights_sitenote_category":0,"footnotes":""},"class_list":["post-37","page","type-page","status-publish","hentry"],"aioseo_notices":[],"jetpack_sharing_enabled":true,"_links":{"self":[{"href":"https:\/\/kakimakiti.com\/index.php\/wp-json\/wp\/v2\/pages\/37","targetHints":{"allow":["GET"]}}],"collection":[{"href":"https:\/\/kakimakiti.com\/index.php\/wp-json\/wp\/v2\/pages"}],"about":[{"href":"https:\/\/kakimakiti.com\/index.php\/wp-json\/wp\/v2\/types\/page"}],"author":[{"embeddable":true,"href":"https:\/\/kakimakiti.com\/index.php\/wp-json\/wp\/v2\/users\/1"}],"replies":[{"embeddable":true,"href":"https:\/\/kakimakiti.com\/index.php\/wp-json\/wp\/v2\/comments?post=37"}],"version-history":[{"count":18,"href":"https:\/\/kakimakiti.com\/index.php\/wp-json\/wp\/v2\/pages\/37\/revisions"}],"predecessor-version":[{"id":2482,"href":"https:\/\/kakimakiti.com\/index.php\/wp-json\/wp\/v2\/pages\/37\/revisions\/2482"}],"wp:attachment":[{"href":"https:\/\/kakimakiti.com\/index.php\/wp-json\/wp\/v2\/media?parent=37"}],"curies":[{"name":"wp","href":"https:\/\/api.w.org\/{rel}","templated":true}]}}